 = -4011 + 10472. Calculate the highest common factor of m and 182.
91
Let t(u) = -u**2 + 46*u - 171. Let s be t(37). What is the greatest common divisor of s and 11502?
162
Suppose -3*x - 5*c = 230, -6*x + 4*x + 5*c = 120. Let q be 158/5 - 28/x. What is the greatest common divisor of 36 and q?
4
Suppose -2*c = 5*b - 431, c + 0*b - 220 = -4*b. Suppose 6*h = -14 + 110. Calculate the highest common divisor of h and c.
16
Let t(k) = -123*k + 2. Let o be t(2). Let g = o + 361. Suppose 33 = 2*y + 7. Calculate the highest common divisor of y and g.
13
Let u(z) = -169*z - 147. Let m be u(-4). Suppose 0 = -47*j - m + 8801. What is the greatest common factor of j and 96?
16
Suppose -i + 188 = -10. Suppose i = n + 8*n. Calculate the highest common factor of n and 55.
11
Let z be 21462/29 - (-560)/(-8120). Calculate the highest common divisor of 1406 and z.
74
Suppose -544 = 5*z - 8*z - 5*y, -2*z - 5*y = -361. Suppose 5*s - z = 4*a, 2*s - 1 = -2*a + 83. Calculate the greatest common factor of s and 26.
13
Let j = 168 - 166. Let s be (-54 - -56) + 2 + j + 10. What is the highest common factor of 592 and s?
16
Suppose -4*j = -2*p - 0*p + 304, 2*p + 4*j = 272. Suppose 3*k = 4*c - 0*k - 332, 5*c - 4*k = 416. What is the greatest common divisor of p and c?
16
Let j(i) = 4*i + 27. Let r be j(-8). Let k(c) = -c**3 - 3*c**2 + 11*c + 9. Let l be k(r). Suppose u = l + 19. What is the greatest common factor of u and 207?
23
Let x be -3 + 5 + -12 - -337. What is the greatest common divisor of 763 and x?
109
Let n(i) = 90*i - 4524. Let b be n(53). Calculate the highest common factor of 8 and b.
2
Let v = -209 - -223. Let u(c) = 6*c - 53. Let s be u(10). Calculate the highest common divisor of s and v.
7
Suppose -46 = 3*h - 19. Let x = 36 - h. Calculate the greatest common factor of 5 and x.
5
Suppose 22*l - 829 - 1019 = 0. Suppose -2*h - 504 = -6*h. Calculate the greatest common divisor of h and l.
42
Suppose 0 = -4*h + 34 - 250. Let k = h - -90. Let v(a) = -a**3 + 17*a**2 + 6*a - 12. Let q be v(17). Calculate the greatest common factor of q and k.
18
Let u be 2 + (10/20 - 1922/(-4)). Suppose -16 = -g + 5. What is the greatest common factor of u and g?
21
Let k(r) = -8*r + 186. Let h be k(34). Let t = h + 90. Calculate the greatest common divisor of t and 5.
1
Let b be (690/(-18) - -10)*(-11)/((-33)/(-45)). Suppose -2*d + 30 = -480. Calculate the greatest common factor of d and b.
85
Let d = 224 + -410. Let c = -22 - d. What is the greatest common divisor of 123 and c?
41
Suppose -7 = 10*r - 9*r + 3*d, r - 8 = 2*d. Suppose -r*a = -247 - 5. What is the highest common divisor of a and 98?
14
Suppose -3*d = 5*v - 10, -v + 4*v = -5*d + 22. Suppose -15 = -d*l, 0*l - 2*l = -n + 211. What is the highest common divisor of 31 and n?
31
Let q(s) = s**3 + 9*s**2 + 14*s + 33. Let d be q(-3). What is the greatest common divisor of 1590 and d?
15
Let y(i) = 22*i - 61. Let d be y(3). Suppose -d*q - 500 = -3*g, -2*g + 5*q = 4*q - 345. Calculate the greatest common divisor of g and 35.
35
Let s(d) = d - 16. Let a be s(18). Suppose -6 = -a*j + 10. Suppose 0*x - 168 = -j*x. Calculate the highest common factor of x and 84.
21
Suppose 5*k - 2 - 53 = 0. Let z be (k + -15)*26/8. Let d = z + 63. What is the highest common factor of d and 25?
25
Let a = -4204 - -4237. What is the greatest common divisor of a and 1100?
11
Let c(z) = 12*z**2 - 331*z - 996. Let d be c(-3). Calculate the greatest common factor of 336 and d.
21
Let x(r) = 1637*r - 29. Let j be x(2). Calculate the highest common factor of 110 and j.
55
Let l(p) = p**3 - 24*p**2 - 3*p + 77. Let z be l(24). Suppose 0*v - z*v - 1390 = -2*f, 0 = 2*f + 5*v - 1410. Calculate the greatest common divisor of 28 and f.
28
Suppose -2*d + 17 = -3. Suppose 0*g = -6*g + 192. Let l = 18 + g. What is the highest common factor of l and d?
10
Suppose 0 = -20*c - 9*c + 13440 - 3696. Let p = -22 - -38. What is the greatest common factor of c and p?
16
Suppose 45 = -5*g - 5*i, 2*i + 5 + 5 = 0. Let l(o) = -o**2 - 2*o + 12. Let z be l(g). Let b be (-30)/(-3) - 1 - z. What is the highest common factor of 5 and b?
5
Let x be (0 - 0) + 1 + 34. Let p = x + -2. Let u(w) = -66*w + 11. Let s be u(0). Calculate the greatest common divisor of p and s.
11
Let p be 23 - 50/(-30)*6. What is the highest common divisor of 1 and p?
1
Let r be (-6)/(-4)*(-296)/4. Let c = r + 113. Let p = 36 + -20. Calculate the greatest common divisor of c and p.
2
Let j = 27853 + -26740. Calculate the greatest common factor of 8109 and j.
159
Let p be -30155*(1178/(-155) - (-7)/1). Calculate the greatest common factor of 111 and p.
111
Suppose -2410*s - 308224 = -2754*s. What is the highest common factor of s and 11424?
224
Suppose 5*j + 2*o = 96, j + 5*o = -437 + 470. Calculate the greatest common divisor of j and 8226.
18
Let v be (2/(-4))/(0 + (-1)/382). Let u = -38 + v. Let k(q) = -q**2 - q + 17. Let t be k(0). Calculate the greatest common factor of u and t.
17
Let u be (40/(-15))/(4/12). Let g be 1*u*102*(-3)/24. What is the highest common factor of g and 68?
34
Let y be (-272)/(-28) - (-1056)/(-616). Let m be 3*(1 - 5/(-3)). What is the highest common divisor of y and m?
8
Let u be 184/(3528/352 + -10). What is the greatest common divisor of 44 and u?
44
Let u(z) = -z**3 + 5*z**2 - z + 7. Let b be u(5). Suppose -20*p + 84 = -1236. Calculate the greatest common factor of p and b.
2
Let c be 28/12 - (1*-4)/(-12). Let o(k) = 29*k - 52*k + 25*k + k**c + 1. Let h be o(-7). Calculate the greatest common divisor of h and 45.
9
Suppose 19*k + 6 = 22*k. Suppose -o - 47 + 24 = -3*t, -5*o = k*t + 13. What is the highest common factor of t and 15?
3
Suppose 192 = 4*u + 6*b, -90*u = -87*u - 5*b - 106. What is the highest common divisor of u and 364?
14
Let x(k) = 2*k**2 + 18*k + 28. Suppose 5*m = 2*t - 47, 2*m + 13*t + 20 = 15*t. Let j be x(m). What is the greatest common divisor of 322 and j?
14
Let m = -230 + 450. Suppose -4*p = 4*o - m, -130 = -2*o - 9*p + 11*p. What is the highest common divisor of 80 and o?
20
Let g = -1328 + 1472. Calculate the greatest common divisor of 18 and g.
18
Let r(l) = -24*l**3 - 8*l**2 - 52*l - 91. Let q be r(-6). Calculate the highest common factor of q and 119.
119
Let d(s) = 2*s + 61 + s**3 + 4*s**2 - 59 - 5*s**2. Let x be d(0). Suppose 0 = 3*g - g - 10. Calculate the greatest common factor of x and g.
1
Suppose -l - 60 = -40*g + 37*g, -3*l - 9 = 0. What is the greatest common factor of g and 4351?
19
Suppose 0 = -2*z + 4, 0 = 5*o + 2*z - 3*z - 608. Let j = -122 + o. Suppose 13*h - 285 + 12 = j. Calculate the greatest common factor of h and 1.
1
Let u = -13 + 25. Let x = -13188 + 13296. What is the highest common factor of u and x?
12
Suppose 78 + 1923 = 87*u. Calculate the greatest common factor of 4646 and u.
23
Suppose 2*g + 5*o + 1159 = 0, 4*g + 2354 = -3*o + 5*o. Let t = 612 + g. Calculate the highest common factor of t and 15.
5
Let i(b) = b**3 - 9*b**2 + 5*b - 21. Let r be i(9). Suppose -3*l = -9, 4*v - 7*v + l = -r. What is the greatest common factor of 21 and v?
3
Suppose -315057 = -324*g - 42897. Calculate the highest common divisor of g and 896.
56
Let p(g) = -11421*g + 91374. Let d be p(8). Let c = 27 - 17. Let v = c + -6. What is the highest common factor of d and v?
2
Let f(p) = 8*p + 421. Let q be f(-51). What is the greatest common factor of 2249 and q?
13
Let r(n) = -n**3 + 7*n**2 - 9*n - 3. Let x(w) = w + 12. Let s be x(-9). Let y be r(s). What is the greatest common factor of y and 2?
2
Let m be 25 + ((-84)/(-40) - (-1)/(-10)). Let l be (-12)/(-30) + 176/10. What is the greatest common divisor of m and l?
9
Suppose 2*h = 5*o - 3313, -4*o + 910 + 1768 = 3*h. Calculate the highest common factor of o and 399.
133
Suppose -86*l + 32*l = -1134. Suppose 148 = 4*x - 4*t, 3*t = 4*x - 3*x - 27. What is the greatest common factor of l and x?
21
Let o be (-1)/(130/52)*-70. Let z = -23 + 51. Let j = 126 - z. What is the highest common divisor of o and j?
14
Suppose 8010 - 1101 = 21*u. What is the highest common factor of 546 and u?
7
Suppose 31*m - 770 = 20*m. Suppose f - 45 = 5*h + 5, 0 = 3*f - 4*h - 106. Calculate the highest common divisor of m and f.
10
Let y be 27 + -5 - (7 - -7). What is the greatest common divisor of y and 2108?
4
Let k